10011001011000
In base 8, what is -2430 + -126?
-2556
In base 16, what is 17c35 - 9?
17c2c
In base 8, what is -214 - 423?
-637
In base 6, what is 151021 + 3?
151024
In base 14, what is 4 - -3398?
339c
In base 13, what is 19 - 284?
-268
In base 14, what is 6953 - 3?
6950
In base 12, what is -17 - -77a5?
778a
In base 7, what is -1 + -5410?
-5411
In base 9, what is -5 + 84188?
84183
In base 16, what is -a + -3e0?
-3ea
In base 14, what is -ac6 + 95?
-a31
In base 12, what is -15148 - -29?
-1511b
In base 5, what is -110 - 122?
-232
In base 15, what is -7 - -10be8?
10be1
In base 10, what is -170465 - 44?
-170509
In base 10, what is 2 - -111491?
111493
In base 13, what is -5 - c638?
-c640
In base 5, what is 24 - -3203?
3232
In base 4, what is 2012 - -132200?
200212
In base 3, what is 121011 + -2221000?
-2022212
In base 8, what is 613071 + -3?
613066
In base 12, what is -1 - -1392?
1391
In base 4, what is -11300202 + 3?
-11300133
In base 11, what is 16987 + 4?
16990
In base 2, what is 101 + -1000001111100101110?
-1000001111100101001
In base 9, what is -22 + -3622?
-3644
In base 10, what is -9348 - -4?
-9344
In base 9, what is -1271027 + -2?
-1271030
In base 9, what is -572 + 2064?
1382
In base 12, what is 84a9 + -18?
8491
In base 8, what is -417 - 212?
-631
In base 7, what is 1 + -1304?
-1303
In base 2, what is -1110 - 1100101000010110?
-1100101000100100
In base 11, what is -4 + -27a723?
-27a727
In base 5, what is -101244140 - 0?
-101244140
In base 15, what is 1a4 - -13d?
2e2
In base 8, what is -1 + -765444?
-765445
In base 8, what is -27432 + 14?
-27416
In base 2, what is -100 + 1011000010110111111?
1011000010110111011
In base 15, what is -2 - -175c1?
175be
In base 2, what is -1010000 - -1010100011?
1001010011
In base 14, what is 87d + -5ba?
2a3
In base 5, what is -414 + -11304?
-12223
In base 13, what is 88 + 1b2?
26a
In base 2, what is -10101 + 1111000001001?
1110111110100
In base 7, what is 1514 - -3?
1520
In base 4, what is 1121330 + 102?
1122032
In base 12, what is 59 - -210?
269
In base 9, what is -351 - 26?
-377
In base 10, what is -19874 - 11?
-19885
In base 14, what is 8d - d3?
-44
In base 16, what is -4b013 + a?
-4b009
In base 10, what is -34 - 5374?
-5408
In base 2, what is 1 - 100010010011001?
-100010010011000
In base 15, what is 4 + 7daaa?
7daae
In base 4, what is 1020232 + -2?
1020230
In base 12, what is 45a0 - -5?
45a5
In base 6, what is -4350 + 2?
-4344
In base 12, what is -4 - -700909?
700905
In base 6, what is -45320 - -514?
-44402
In base 6, what is -141305 - -5?
-141300
In base 11, what is 1934 + 7a9?
2632
In base 12, what is 1b2ba7 + 2?
1b2ba9
In base 11, what is 1 - 182825?
-182824
In base 6, what is 125414 + 4?
125422
In base 3, what is 1121100 - -1012?
1122112
In base 7, what is 11 + 2514103?
2514114
In base 13, what is -3 + -93065?
-93068
In base 8, what is -51 + -64654?
-64725
In base 9, what is -105805 + -1?
-105806
In base 4, what is -11 - -103003113?
103003102
In base 12, what is -27 + 49a9?
4982
In base 11, what is 9 - 292?
-284
In base 13, what is 1 - 135c9?
-135c8
In base 11, what is 204517 + -2?
204515
In base 9, what is -48 - -2855?
2806
In base 14, what is c5b - -9?
c66
In base 16, what is b85e - -4?
b862
In base 8, what is 2 - -112604?
112606
In base 5, what is 2 + 4144242?
4144244
In base 9, what is 5 + -2742407?
-2742402
In base 10, what is -11231 - 7?
-11238
In base 13, what is -103 + -48c?
-592
In base 3, what is -22201 + 102010021?
101210120
In base 6, what is -52012 + 451?
-51121
In base 9, what is -1327 + 784?
-433
In base 11, what is 393 + -1112?
-82a
In base 7, what is 1 - -12466?
12500
In base 15, what is 582 + 31b?
89d
In base 6, what is -34124 - -130?
-33554
In base 8, what is -245203 - 2?
-245205
In base 9, what is -1081 - -68?
-1012
In base 13, what is 0 + bc197?
bc197
In base 3, what is -1010210100 + -20?
-1010210120
In base 11, what is 17593 + -6?
17588
In base 7, what is 1324 - -226?
1553
In base 6, what is 11535053 - -5?
11535102
In base 5, what is -1443133 - 2?
-1443140
In base 5, what is 2 + 21312?
21314
In base 9, what is -145 + -1700?
-1845
In base 4, what is -23030 + -1223?
-30313
In base 9, what is 27 + 1811?
1838
In base 2, what is -101 + -1111110010?
-1111110111
In base 5, what is 104 - 41403?
-41244
In base 4, what is -10 + 123233331?
123233321
In base 5, what is 1324421 + 2?
1324423
In base 6, what is -4 + 111053?
111045
In base 7, what is 5 - -36304?
36312
In base 4, what is 120102 + 0?
120102
In base 8, what is -10 - 11130?
-11140
In base 6, what is -1013223 - 5?
-1013232
In base 11, what is 3062 - -5?
3067
In base 14, what is 794 - -2b2?
a66
In base 4, what is 1210212330 + 12?
1210213002
In base 10, what is -652 - 1656?
-2308
In base 16, what is 3 + 1962?
1965
In base 8, what is -33506 - -25?
-33461
In base 9, what is 632620 + 0?
632620
In base 12, what is 5b9154 + 3?
5b9157
In base 3, what is -11 + 10210020122?
10210020111
In base 6, what is -25154 - 151?
-25345
In base 5, what is -1022 + 2130?
1103
In base 14, what is -1 - c33?
-c34
In base 14, what is 146 - -494?
5da
In base 2, what is -10110101001000110111 + -10?
-10110101001000111001
In base 12, what is -26a3 - -1?
-26a2
In base 12, what is 3 + 6a205b?
6a2062
In base 10, what is 1 - -23072?
23073
In base 8, what is -1 - -230413?
230412
In base 5, what is 1242302 + 23?
1242330
In base 12, what is 4a6 - 118?
38a
In base 13, what is -20487b - 5?
-204883
In base 13, what is -15 + -a76a?
-a782
In base 3, what is -10 + -100111220?
-100112000
In base 7, what is 11451 + -11?
11440
In base 10, what is 1079 - -1743?
2822
In base 12, what is 4 - -10162?
10166
In base 13, what is 271268 + -2?
271266
In base 13, what is -1601 + 17?
-15b7
In base 8, what is 1133426 - 4?
1133422
In base 16, what is -5d7 - 3f3?
-9ca
In base 13, what is 4 - -8915b?
89162
In base 7, what is 3 - 2354064?
-2354061
In base 3, what is -112 + -10121220?
-10122102
In base 5, what is 104410103 + -4?
104410044
In base 5, what is 1 - 100243?
-100242
In base 7, what is -1 - -1413103?
1413102
In base 13, what is -50 + 8537?
84b7
In base 7, what is -4 - 1212512?
-1212516
In base 2, what is 100110000001 + -100100?
100101011101
In base 9, what is 4 + 4135?
4140
In base 8, what is 360 - 5167?
-4607
In base 4, what is 21 - 13233?
-13212
In base 7, what is 3 - -11015?
11021
In base 13, what is -10bc96 + -3?
-10bc99
In base 16, what is -d + 61bc?
61af
In base 16, what is -4 + 85b9?
85b5
In base 2, what is -1000 + -100101000000001111?
-100101000000010111
In base 15, what is -19d - -56?
-147
In base 10, what is 648 - 107?
541
In base 9, what is -5 - -16484?
16478
In base 7, what is -16502 + -3?
-16505
In base 13, what is b48b + 3b?
b4c9
In base 16, what is -fab5 + f?
-faa6
In base 15, what is 1a572 + -3?
1a56e
In base 3, what is -1202 - -21101001?
21022022
In base 9, what is 415 + -12354?
-11838
In base 11, what is -4 - -11155?
11151
In base 9, what is 5 + 732507?
732513
In base 11, what is 347 + 64?
400
In base 8, what is 42 + -3120?
-3056
In base 5, what is 242 - -4200332?
4201124
In base 15, what is -7b13 + -1?
-7b14
In base 7, what is -103646 - -4?
-103642
In base 7, what is 66261 + 32?
66323
In base 3, what is 202210111 + -11?
202210100
In base 7, what is -5 + -21662?
-22000
In base 9, what is -6 + -2402?
-2408
In base 5, what is 2 + 444203233?
444203240
In base 12, what is -5a - -496b?
4911
In base 2, what is 10111100 + 1100011011111?
1100110011011
In base 4, what is 100232 + -1032?
33200
In base 9, what is -5252572 - -1?
-5252571
In base 8, what is 176222 + -6?
176214
In base 8, what is -5 + 1515?
1510
In base 9, what is -444 + 42?
-402
In base 14, what is 17 + 7bd6c?
7bd85
In base 2, what is -1 + 10000001011000?
10000001010111
In base 9, what is 202785 - 32?
202753
In base 2, what is 100111101011000 - -11?
100111101011011
In base 9, what is 46 - -5021?
5067
In base 4, what is -11 - 1002321?
-1002332
In base 16, what is -17 - 7ad?
-7c4
In base 14, what is b7 + -796?
-6bd
In base 15, what is -29d1 - -3?
-29cd
In base 8, what is 6 - -5002?
5010
In base 16, what is accb - 1b?
acb0
In base 13, what is -a40 + -34b?
-108b
In base 13, what is -288 - 9a?
-355
In base 6, what is -122353 + 24?
-122325
In base 12, what is 9 + 363?
370
In base 4, what is -11 + 132210001?
132203330
In 